{"id":196,"date":"2025-05-07T14:48:16","date_gmt":"2025-05-07T12:48:16","guid":{"rendered":"http:\/\/maxetlebois.fr\/?page_id=196"},"modified":"2025-11-01T05:53:42","modified_gmt":"2025-11-01T04:53:42","slug":"partenaires","status":"publish","type":"page","link":"https:\/\/maxetlebois.fr\/?page_id=196","title":{"rendered":"Partenaires"},"content":{"rendered":"\n<p>Vous trouverez ici tous les partenaires que <em>Max &amp; le Bois<\/em> veut vous faire d\u00e9couvrir, pour vous apporter le meilleur dans votre habitat, dans vos projets&#8230; et tout cela localement!<\/p>\n\n\n\n<ul class=\"wp-block-list\">\n<li>Grandeur Nature &#8211; Paysagiste : <a href=\"https:\/\/www.grandeurnature.net\/accueil.html\">https:\/\/www.grandeurnature.net\/accueil.html<\/a><\/li>\n<\/ul>\n\n\n\n<div class=\"wp-block-group is-layout-constrained wp-block-group-is-layout-constrained\">\n<figure class=\"wp-block-image size-full is-resized has-custom-border is-style-default\" style=\"margin-top:0;margin-right:0;margin-bottom:0;margin-left:0\"><img decoding=\"async\" src=\"http:\/\/maxetlebois.fr\/wp-content\/uploads\/2025\/05\/LOGO-GRANDEUR-NATURE-OMBRAGE-TRANSPARENT.png\" alt=\"\" class=\"wp-image-204\" style=\"border-style:none;border-width:0px;width:152px;height:auto\"\/><\/figure>\n\n\n\n<ul class=\"wp-block-list\">\n<li>Ose &amp; Nous &#8211; Coh\u00e9sion d&#8217;\u00e9quipe, s\u00e9minaires et team building: <a href=\"https:\/\/osenous.fr\/\">https:\/\/osenous.fr\/<\/a><\/li>\n\n\n\n<li>Horizonde Didgeridoo &#8211; Fabrication d&#8217;instruments de musique et mobilier: <a href=\"https:\/\/horizonde-didgeridoo.com\/\">https:\/\/horizonde-didgeridoo.com\/<\/a><\/li>\n<\/ul>\n<\/div>\n","protected":false},"excerpt":{"rendered":"<p>Vous trouverez ici tous les partenaires que Max &amp; le Bois veut vous faire d\u00e9couvrir, pour vous apporter le meilleur dans votre habitat, dans vos projets&#8230; et tout cela localement!<\/p>\n","protected":false},"author":1,"featured_media":0,"parent":0,"menu_order":0,"comment_status":"closed","ping_status":"closed","template":"","meta":{"footnotes":""},"class_list":["post-196","page","type-page","status-publish","hentry"],"_links":{"self":[{"href":"https:\/\/maxetlebois.fr\/index.php?rest_route=\/wp\/v2\/pages\/196","targetHints":{"allow":["GET"]}}],"collection":[{"href":"https:\/\/maxetlebois.fr\/index.php?rest_route=\/wp\/v2\/pages"}],"about":[{"href":"https:\/\/maxetlebois.fr\/index.php?rest_route=\/wp\/v2\/types\/page"}],"author":[{"embeddable":true,"href":"https:\/\/maxetlebois.fr\/index.php?rest_route=\/wp\/v2\/users\/1"}],"replies":[{"embeddable":true,"href":"https:\/\/maxetlebois.fr\/index.php?rest_route=%2Fwp%2Fv2%2Fcomments&post=196"}],"version-history":[{"count":5,"href":"https:\/\/maxetlebois.fr\/index.php?rest_route=\/wp\/v2\/pages\/196\/revisions"}],"predecessor-version":[{"id":269,"href":"https:\/\/maxetlebois.fr\/index.php?rest_route=\/wp\/v2\/pages\/196\/revisions\/269"}],"wp:attachment":[{"href":"https:\/\/maxetlebois.fr\/index.php?rest_route=%2Fwp%2Fv2%2Fmedia&parent=196"}],"curies":[{"name":"wp","href":"https:\/\/api.w.org\/{rel}","templated":true}]}}